 the highest common divisor of z and 1.
1
Suppose 3*s = -2*s + 50. Let p(u) = 10*u**2 + u + 2. Let o be 32/112 - (-16)/(-7). Let q be p(o). Calculate the greatest common divisor of s and q.
10
Suppose 13*f - 9*f + 4 = 0. Let c be (1 + 2)*(30/9 - f). Let d be (-9)/12 + (-2)/8 + c. What is the highest common factor of 12 and d?
12
Let h be (-256419)/(-39) - ((-33)/(-39) - 1). What is the highest common divisor of h and 25?
25
Let j = -778 + 3109. What is the greatest common divisor of j and 126?
63
Let u(g) = -g**3 - 7*g**2 + 18*g + 156. Let d be u(-7). What is the greatest common factor of d and 550?
10
Let r(l) = -l + 16. Let i be r(7). Let q be (-12 + -12)*i/(-2). Let h be (-81)/q + (-75)/(-4). What is the highest common divisor of h and 18?
18
Let t be (-3)/6 - 36/(-8). Suppose 9*h = 8*h - 2*z + 12, t*h = 3*z + 70. What is the greatest common divisor of h and 52?
4
Suppose 155*r - 582637 = -547840 + 1442508. Calculate the greatest common divisor of 27 and r.
27
Let y be -8 + 6 - -5 - (1 - 4). Let g(q) = q**2 + 5*q - 14. Let c be g(-8). What is the highest common factor of c and y?
2
Suppose 0 = w - 3 + 29. Let s = w - -30. Suppose -s*d - 5*d = -585. What is the greatest common divisor of 26 and d?
13
Let g = 14 - 1. Suppose -4*x + 5*v = -2452, -2*x = -4*x - 3*v + 1204. Let s = 673 - x. What is the highest common divisor of g and s?
13
Suppose 58*z + 8 = 60*z. Let t be (-462)/z*(11 + -13). Suppose -2*d = -4, 7*k = 5*k - d + 68. What is the greatest common divisor of t and k?
33
Let h(s) = -2*s + 13. Let q be h(10). Let p be (q + (-133)/(-35))/(1/(-25)). What is the highest common divisor of 20 and p?
20
Let q be 6 + -2 + -1 + 1. Let s(o) = -35*o**2 + 5*o + 41*o**2 + 167 - 173. Let z be s(2). What is the highest common divisor of z and q?
4
Suppose -4*o - 5*b = 656, 2*o + 148 = -2*b - 180. Let p = o + 170. Calculate the greatest common divisor of 162 and p.
6
Let g(o) = -o**2 + 167*o + 9. Let u be g(0). What is the greatest common divisor of u and 1557?
9
Let z(n) = 25*n - 2. Let d be z(2). Suppose -d*q = -52*q - 4. Let y be (q/((-5)/(-15)))/(1/(-3)). What is the greatest common factor of 72 and y?
9
Suppose -43*q + 6179 = -10650 - 11121. Calculate the highest common divisor of q and 338.
26
Let k(v) = 17*v**3 - 2*v**2 + 4*v - 2. Let s be k(2). Let q = s - 123. What is the highest common divisor of q and 2?
1
Let p(b) = -b**2 + 13. Let u be p(7). Let d be (2 - -3)/(u/32 - -1). Let x be 16/d - 124/(-10). What is the highest common divisor of 60 and x?
12
Let d be ((-1560)/8 - -1)/(2/31)*-1. Calculate the highest common divisor of d and 97.
97
Suppose -2*f = q + 27 - 45, 4*q + f - 72 = 0. Calculate the highest common factor of 45 and q.
9
Suppose 2*j = 4*n - 34, -n + 4*j + 46 = 20. Let i(k) = -2*k - 1. Let x be i(-1). Let a = 7 - x. What is the highest common divisor of a and n?
6
Let r = -280 - -188. Let q be 2/(-2) + r/12*-51. Calculate the highest common factor of 15 and q.
15
Let i be ((-3)/(-2))/((-9)/(-1278)) + -3. Calculate the greatest common divisor of i and 320.
10
Suppose -31*s = -23*s - 40. Suppose -s*n - 3*y + 108 = 0, 40 = -4*n + 5*n - 4*y. What is the greatest common factor of 15 and n?
3
Let p(g) = -g**2 + 96*g - 188. Let b be p(54). Calculate the greatest common factor of b and 1430.
130
Let h(u) = 18*u + 299. Let o be h(-13). What is the greatest common divisor of 299 and o?
13
Let i(s) = -39*s**3 - s**2 + 8*s + 10. Suppose 4*a + 5 = -r, -2*r - 1 + 2 = -3*a. Let j be i(a). What is the greatest common divisor of j and 15?
5
Suppose -5*l = -5*i + 1055, 0*l - 3*l = 5*i - 1023. Let k = i - 194. Calculate the greatest common divisor of k and 91.
13
Suppose -8*i = -19*i - 803. Let y = 171 + i. Calculate the greatest common divisor of 14 and y.
14
Let k(s) = 211*s + 282. Let i be k(10). Suppose -14*u - 32*u = -i. Calculate the highest common factor of 286 and u.
26
Suppose 83 + 13 = 4*v. Suppose -25*y = -v*y - 12. Suppose -3*s + 52 = -20. What is the greatest common divisor of y and s?
12
Let l(p) = -p**3 + 32*p**2 - 5*p - 576. Let m be l(29). Calculate the highest common divisor of m and 106.
106
Let p = 29 + -11. Let y be 87 - 0/(-3) - (34 - 16 - 21). Calculate the greatest common divisor of y and p.
18
Let w be ((-4)/(-6))/(((-1)/140)/((-24)/20)). Calculate the highest common divisor of 2800 and w.
112
Let m be (-2 + (-68)/8)*-2. Let p = m + -20. What is the highest common divisor of 5 and p?
1
Let v be (-10)/(-20)*(-2 - -62). Let n(x) = 2*x**2 - 57*x + 50. Let s be n(v). Calculate the highest common factor of s and 7.
7
Let v(n) = 6*n**3 - 145*n**2 + 26*n + 32. Let r be v(24). What is the highest common factor of 176 and r?
16
Let h be 43 - 6/((-24)/(-28)). Let k be 704*3/h*6. What is the highest common factor of k and 32?
32
Suppose 7*i - 10*i + 585 = -3*o, 4*i - 5*o - 775 = 0. What is the highest common factor of 175 and i?
25
Let w = -1144 + 3224. What is the greatest common divisor of 240 and w?
80
Let u be 3 - 1734/(-12) - 2/4. Let s be ((-1386)/(-165))/((-3)/(-70)). Calculate the highest common factor of u and s.
49
Let y(q) = -128*q + 3342. Let i be y(26). What is the highest common divisor of i and 4816?
14
Suppose 0*i + 2*i = -2*i. Suppose -8*g - 14*g + 3960 = i. Calculate the greatest common factor of g and 20.
20
Let g(n) = -573*n - 5695. Let m be g(-10). Suppose -7 = -t + 5. Let j = 9 + t. What is the greatest common factor of m and j?
7
Let f = -13 + 17. Let z be (4 + 90/f)*6. Suppose -d = -v + 52, -4*v - d = -v - 160. Calculate the highest common factor of z and v.
53
Let v(c) = -c**2 + 5*c - 27. Let o be v(6). Let n(m) = -10*m - 204. Let h be n(o). What is the highest common divisor of h and 18?
18
Let l(v) = 106*v**2 + 3*v + 2. Let i be l(-1). Suppose 7*u - 84 = 3*u. Suppose 4*n = 3*n + u. What is the greatest common divisor of i and n?
21
Let v be (30/(-20))/((-24)/39952). What is the greatest common divisor of 11 and v?
11
Let a(s) = 7*s + 250. Let y be a(-31). Calculate the highest common factor of y and 22.
11
Suppose 44*r + 13*r = 15732. What is the highest common divisor of r and 736?
92
Let l(z) = -26 + 5 - 7 - 16 - 3*z. Let s be l(-13). Let r be 0 + -2 + 40/(s - -7). Calculate the greatest common divisor of 144 and r.
18
Let g be 282/188 - (-1882)/4. Calculate the highest common divisor of 10030 and g.
118
Let q = -320 + 595. Let l be (-1)/3 + (7280/39)/(-16). Let n(i) = -i**3 - 17*i**2 - 63*i - 11. Let h be n(l). Calculate the greatest common divisor of h and q.
25
Let n = 444 + -425. Suppose -94 = -15*s - n. Calculate the greatest common divisor of s and 190.
5
Let m be 3 + 5/((-5)/612). Let w be 87/m - ((-465)/(-7))/(-3). Calculate the greatest common divisor of 121 and w.
11
Suppose 1144 = 475*j - 473*j. Let m = j + -569. Calculate the highest common divisor of 22 and m.
1
Let y = -10 + 6. Let c be -2*3*34/y. Suppose -728*b + 17680 = -208*b. What is the highest common divisor of b and c?
17
Let c(d) = d**3 + 21*d**2 - 26*d - 12. Let n be c(-20). Let o = n - 476. What is the highest common factor of o and 54?
54
Let a(h) = 310*h + 17416. Let v be a(-56). Let l be 35/(-2)*16/(-10). What is the greatest common factor of v and l?
28
Let a be (12/5)/(2/5). Suppose -5*q - 1 = -a. Let r be 7*20 + 0/q. Calculate the greatest common factor of 28 and r.
28
Let b(k) = -38*k - 743. Let q be b(-48). What is the greatest common divisor of 94 and q?
47
Suppose 17*c - 200 = -p + 22*c, 224 = p - c. Calculate the greatest common divisor of p and 30.
10
Let v = -76188 + 76198. Let c(z) = -z - 5. Let r be c(-7). What is the highest common divisor of r and v?
2
Let v = 14260 - 14251. Let b(z) = 4*z**3 + z**2 - 3*z + 1. Let t be b(4). What is the highest common factor of v and t?
9
Let o = -219 + 221. Suppose o*a - 205 = 3*q, -4*q = -2*q + 10. What is the highest common divisor of a and 19?
19
Let h = -76 - -82. Suppose 13*v + 42 = h*v. Let i = v - -18. What is the greatest common divisor of 36 and i?
12
Suppose -4*t = 5*g - 6670, -3*g + 66*t + 4004 = 68*t. Calculate the greatest common divisor of g and 6.
6
Suppose -u = -14*h + 13*h - 577, 1735 = 3*u + h. Calculate the highest common factor of u and 4.
2
Suppose 10*d + 2001 - 401 = 30*d. Let c be 4/18 + 852/54. What is the highest common divisor of c and d?
16
Let b = 